68 is divided by 305.
298
Calculate the remainder when 22690 is divided by 71.
41
Calculate the remainder when 201945 is divided by 792.
777
What is the remainder when 63427 is divided by 21141?
4
What is the remainder when 9213 is divided by 9159?
54
What is the remainder when 3104 is divided by 1521?
62
Calculate the remainder when 1382866 is divided by 18.
16
Calculate the remainder when 5064930 is divided by 14.
10
What is the remainder when 33298 is divided by 900?
898
What is the remainder when 4765 is divided by 1534?
163
What is the remainder when 38036 is divided by 310?
216
Calculate the remainder when 1141 is divided by 364.
49
What is the remainder when 1090 is divided by 306?
172
What is the remainder when 32886 is divided by 645?
636
Calculate the remainder when 147 is divided by 139.
8
Calculate the remainder when 6342 is divided by 1985.
387
Calculate the remainder when 36 is divided by 16.
4
Calculate the remainder when 2189289 is divided by 305.
304
Calculate the remainder when 91112 is divided by 418.
406
What is the remainder when 305 is divided by 237?
68
Calculate the remainder when 1041 is divided by 40.
1
Calculate the remainder when 637 is divided by 2.
1
What is the remainder when 361257 is divided by 54?
51
Calculate the remainder when 1741154 is divided by 65.
64
Calculate the remainder when 14073 is divided by 1666.
745
Calculate the remainder when 1920 is divided by 79.
24
Calculate the remainder when 8729 is divided by 134.
19
What is the remainder when 15153 is divided by 5039?
36
What is the remainder when 442560 is divided by 193?
11
Calculate the remainder when 27261 is divided by 3.
0
What is the remainder when 1601532 is divided by 50?
32
Calculate the remainder when 2922 is divided by 1524.
1398
What is the remainder when 2197 is divided by 764?
669
What is the remainder when 11977 is divided by 11921?
56
Calculate the remainder when 96917 is divided by 285.
17
Calculate the remainder when 71797 is divided by 200.
197
What is the remainder when 318512 is divided by 33?
29
What is the remainder when 11829 is divided by 87?
84
What is the remainder when 13281 is divided by 57?
0
Calculate the remainder when 918 is divided by 175.
43
Calculate the remainder when 10674 is divided by 157.
155
Calculate the remainder when 290177 is divided by 9.
8
What is the remainder when 6175 is divided by 61?
14
Calculate the remainder when 6592 is divided by 59.
43
What is the remainder when 26590 is divided by 244?
238
Calculate the remainder when 214716 is divided by 440.
436
What is the remainder when 83902 is divided by 1472?
1470
Calculate the remainder when 36300 is divided by 9071.
16
What is the remainder when 20269 is divided by 41?
15
Calculate the remainder when 7487 is divided by 7452.
35
What is the remainder when 3411 is divided by 83?
8
What is the remainder when 2846 is divided by 1395?
56
What is the remainder when 19189 is divided by 55?
49
Calculate the remainder when 1380 is divided by 76.
12
Calculate the remainder when 41808 is divided by 230.
178
Calculate the remainder when 854 is divided by 176.
150
What is the remainder when 1547 is divided by 257?
5
Calculate the remainder when 7147 is divided by 796.
779
Calculate the remainder when 209763 is divided by 726.
675
Calculate the remainder when 472969 is divided by 194.
191
Calculate the remainder when 134890 is divided by 108.
106
Calculate the remainder when 101686 is divided by 33883.
37
What is the remainder when 2707 is divided by 547?
519
What is the remainder when 11409 is divided by 25?
9
What is the remainder when 313996 is divided by 446?
12
What is the remainder when 1465 is divided by 104?
9
What is the remainder when 17241 is divided by 4?
1
What is the remainder when 2801 is divided by 162?
47
Calculate the remainder when 147233 is divided by 5.
3
What is the remainder when 175713 is divided by 18?
15
Calculate the remainder when 20109 is divided by 20100.
9
What is the remainder when 22763 is divided by 1716?
455
What is the remainder when 19329 is divided by 15?
9
Calculate the remainder when 312348 is divided by 86.
82
Calculate the remainder when 69379 is divided by 204.
19
What is the remainder when 78109 is divided by 918?
79
Calculate the remainder when 180204 is divided by 16377.
57
What is the remainder when 11655 is divided by 2909?
19
What is the remainder when 828 is divided by 20?
8
Calculate the remainder when 16741 is divided by 1857.
28
Calculate the remainder when 22937 is divided by 31.
28
Calculate the remainder when 100934 is divided by 278.
20
Calculate the remainder when 38731 is divided by 824.
3
Calculate the remainder when 38861 is divided by 48.
29
What is the remainder when 34377 is divided by 841?
737
Calculate the remainder when 1848 is divided by 390.
288
What is the remainder when 1784 is divided by 581?
41
Calculate the remainder when 63457 is divided by 29.
5
Calculate the remainder when 2070 is divided by 81.
45
Calculate the remainder when 7722 is divided by 768.
42
Calculate the remainder when 200331 is divided by 386.
383
Calculate the remainder when 35284 is divided by 8820.
4
What is the remainder when 23698 is divided by 79?
77
What is the remainder when 1689 is divided by 222?
135
Calculate the remainder when 4535 is divided by 503.
8
Calculate the remainder when 13610 is divided by 6741.
128
Calculate the remainder when 1884 is divided by 481.
441
Calculate the remainder when 1017434 is divided by 15.
14
Calculate the remainder when 131335 is divided by 796.
791
What is the remainder when 236079 is divided by 206?
3
What is the remainder when 3123 is divided by 471?
297
Calculate the remainder when 16923 is divided by 8457.
9
What is the remainder when 31504 is divided by 3935?
24
What is the remainder when 66204 is divided by 194?
50
Calculate the remainder when 899486 is divided by 17.
16
Calculate the remainder when 10973 is divided by 10966.
7
Calculate the remainder when 2989 is divided by 2973.
16
Calculate the remainder when 39502 is divided by 13165.
7
What is the remainder when 55797 is divided by 200?
197
What is the remainder when 780 is divided by 302?
176
What is the remainder when 5741 is divided by 458?
245
Calculate the remainder when 421683 is divided by 513.
510
What is the remainder when 108084 is divided by 3?
0
What is the remainder when 257835 is divided by 42?
39
Calculate the remainder when 89713 is divided by 16.
1
Calculate the remainder when 93667 is divided by 493.
490
Calculate the remainder when 41645 is divided by 302.
271
What is the remainder when 4457 is divided by 144?
137
What is the remainder when 2495 is divided by 248?
15
Calculate the remainder when 6251 is divided by 477.
50
Calculate the remainder when 1218 is divided by 832.
386
What is the remainder when 348110 is divided by 96?
14
Calculate the remainder when 14565 is divided by 2340.
525
Calculate the remainder when 14032 is divided by 394.
242
Calculate the remainder when 32316 is divided by 404.
400
Calculate the remainder when 593 is divided by 404.
189
What is the remainder when 349534 is divided by 33?
31
What is the remainder when 63174 is divided by 5742?
12
Calculate the remainder when 107220 is divided by 188.
60
Calculate the remainder when 8967 is divided by 302.
209
Calculate the remainder when 4420 is divided by 193.
174
What is the remainder when 16272 is divided by 49?
4
Calculate the remainder when 552065 is divided by 1143.
1139
What is the remainder when 4038 is divided by 125?
38
What is the remainder when 50560 is divided by 23?
6
What is the remainder when 165051 is divided by 420?
411
Calculate the remainder when 13676 is divided by 13655.
21
Calculate the remainder when 253017 is divided by 51.
6
Calculate the remainder when 30628 is divided by 219.
187
What is the remainder when 1399 is divided by 667?
65
Calculate the remainder when 14610 is divided by 1325.
35
What is the remainder when 201935 is divided by 50476?
31
What is the remainder when 164227 is divided by 99?
85
What is the remainder when 2777 is divided by 27?
23
What is the remainder when 275559 is divided by 415?
414
What is the remainder when 9411 is divided by 2926?
633
What is the remainder when 37517 is 